(-2)). Let a(i) = -i**2 + 3*i - 9. Let c be a(6). What is the units digit of (c/6)/(x/(-6))?
9
Suppose 4*j - 2*f = -0*f + 18, 0 = -2*j - f - 1. Suppose -5*q = 2*i + 7, -3*i - j*i - 10 = 5*q. Let z(g) = 16*g**2 - g. What is the units digit of z(q)?
7
Let c(n) = n**3 - 12*n - 5. What is the units digit of c(4)?
1
Let r(a) = -2*a + 32. Let q be r(16). Suppose 4*h - c - 238 = q, -h + 0*c = 5*c - 70. What is the units digit of h?
0
Let h(l) = -44*l**2 + 4*l - 3. Let s be h(1). Let p = s + 68. What is the units digit of p?
5
Let l be 8*-1 - (-3)/(-3). Let w(a) = 11 - 4*a + 0*a + 5*a - 2*a. What is the tens digit of w(l)?
2
Suppose 0 = 3*g + 2*k - 842, -k = -g + 209 + 75. Suppose -2*t - 4*c = c - 188, -3*t - 3*c + g = 0. What is the units digit of t?
4
Let b = -457 + 1049. What is the units digit of b?
2
Let u(s) = -9 - 2*s + 0 - 1. Let l be u(-7). Suppose 4*h - 84 = 3*q, -2*h + 42 = -0*h + l*q. What is the tens digit of h?
2
Let t(l) = -2*l - 2. Let j be t(6). Let h(p) = -p**3 - 12*p**2 + 22*p + 17. What is the units digit of h(j)?
1
Let w be -1 - 0 - (-156)/3. Suppose q + w = 163. Suppose 0 = u - 5*u + q. What is the tens digit of u?
2
Let n(g) = -40*g - 1. Let c(i) = -i**3 + 8*i**2 - 4*i - 16. Let b be c(7). Suppose 4*d + 1 = -b*k, 5*k - d + 6*d = 0. What is the units digit of n(k)?
9
Let u be ((-58)/(-4))/(-2*(-2)/24). Suppose 0 = 2*z - 4*o - 142, -2*z = 4*o - 55 - u. What is the units digit of z?
1
Let q be ((-8)/6 - -2)*222. Suppose 98 = 3*x - q. Suppose -3*i = 2*h - x, 0*i + i + h = 29. What is the tens digit of i?
2
Let c(y) = -3*y + 24. Let a be c(6). Let g(l) = 6*l**2 - 12*l - 4. What is the hundreds digit of g(a)?
1
Let o be (-6 + 3 - -25)/2. Let b = -16 + 11. Let t = o - b. What is the units digit of t?
6
Let b(f) = f. Let l be b(2). Suppose 124*o - 123*o = 57. Suppose l*d + k - 4*k = 69, -2*d = k - o. What is the units digit of d?
0
What is the tens digit of ((-2)/(-4))/((-103075)/(-9370) - 11)?
3
Let n = -9 + 11. Suppose -t + 3*w + 21 = 0, -2*t - t - n*w + 8 = 0. What is the units digit of 4/t + (-2)/(-6)?
1
Let q(l) = l**2 + 8*l - 4. Let s be q(-6). Let n = s + 19. Suppose -2*f = n*j - j - 10, -22 = -2*f + j. What is the units digit of f?
9
Suppose 2*u + u = 4*x + 34, 38 = -4*x + 5*u. Let p(d) = -4*d - 11. What is the units digit of p(x)?
7
Let m(h) = -h**3 + 33*h**2 + 68*h + 54. What is the hundreds digit of m(34)?
2
Suppose 62*p - 26669 = 93921. What is the hundreds digit of p?
9
What is the tens digit of (-6)/((-120)/8365) + 2/(-8)?
1
Suppose -15*f = -14*f - 4. Suppose 2*z - f*k - 100 = 0, -5*z + 0*k + k + 241 = 0. What is the tens digit of z?
4
Let r(b) = 25*b**2 + 3*b + 6. What is the units digit of r(5)?
6
Let n(z) = -3*z - 8. Let j be n(8). What is the units digit of 24/j - 283/(-4)?
0
Let q(h) = -h**2 - 55*h + 55. What is the tens digit of q(-45)?
0
Let l(b) = -21*b**3 + b**2. Let m be l(1). Let n be 8/m + 189/(-15). Let i = 17 + n. What is the units digit of i?
4
Let v be (-1)/(-6) - (707/(-42) + -1). Let p = v - -39. What is the tens digit of p?
5
Suppose 2*n + 4 = -4*a, 0*n + 2 = a - n. What is the tens digit of 1 - (a + (-84)/9)*3?
2
Let l(q) = 88*q**3 - 3*q + 12. What is the tens digit of l(2)?
1
Suppose 0 = -2*i, i + 4 = -3*f + 7. What is the tens digit of (-2 - -5) + 55 + f?
5
Let p = 196 + -144. Let l be -4*(99/12 - -1). Let i = p + l. What is the units digit of i?
5
Let q be ((-6)/3 + 1)*(-7 + 8). What is the hundreds digit of q + 1 - 1494/(-9)?
1
Let t = -58 - -61. Suppose -723 = -3*x + t*r, -3*r + 248 = -2*x + 728. What is the tens digit of x?
4
What is the hundreds digit of -314*((-216)/(-16))/(-9)?
4
Let l = 12 + -9. Suppose 2*j + 2*j - 2*m = -2, -l*j - 9 = -3*m. Suppose 44 = j*a + 2. What is the tens digit of a?
2
Let o(c) = 20*c**3 - 2*c**2 - 2*c + 13. What is the hundreds digit of o(4)?
2
Suppose -5301 = 32*n - 41*n. What is the units digit of n?
9
Let a(h) = -2*h**2 + 16*h + 7. Let t = -28 - -15. Let n = t - -20. What is the tens digit of a(n)?
2
Suppose -g + 4 = 4*y - 2*g, 2*y + 3*g = -12. Let f be 106 + y*(-3)/(-12). Let p = -66 + f. What is the tens digit of p?
4
Let n = 255 + -174. Suppose -4*l + n = -3*l. What is the tens digit of l?
8
Let n(u) = u**3 + 51*u**2 + 38*u - 14. What is the hundreds digit of n(-49)?
9
Suppose 46*p + 9598 = 83842. What is the thousands digit of p?
1
Let b(u) = u**2 + 5*u + 5. Let t be b(-4). Suppose 22*d + 15 = 19*d. What is the units digit of t + d + (7 - -3)?
6
Suppose -p + 80 = 4*t - 3*p, 4*t - 76 = p. Let i(m) = 8*m - 29. What is the tens digit of i(t)?
1
Let f(h) = -h**3 + 4*h**2 - 2*h - 7. Let o be f(3). Let v(s) = 4*s**2 + 2*s + 8. What is the tens digit of v(o)?
6
Let c be 3 + -2*(-3 + 6). Let u(y) = -77*y - 10. What is the units digit of u(c)?
1
Suppose 0 = 4*v + 2729 + 327. What is the tens digit of (-4)/12 - v/6?
2
Let u = 40 + -43. What is the units digit of (-3)/(-9) - 215/u?
2
Let y(m) = m**2 + 4*m - 8. Let p be y(-9). Suppose -31 = -2*b + p. What is the tens digit of b?
3
Let i(d) = 2*d**2 - 6*d + 3. Let u be i(-5). Let x = u - 17. What is the units digit of x?
6
Suppose z = 3*j + 53, 3*z = 5*j - z + 86. Let k be (-4 + j/(-5))*5. Let d(v) = 2*v**2 - 4. What is the units digit of d(k)?
4
Let q(t) = t**2 - 17*t + 76. What is the hundreds digit of q(-16)?
6
What is the tens digit of (20775/(-60))/((-4)/16)?
8
Let w = 48 - 6. Let g = 79 - w. What is the units digit of g?
7
Suppose 3*k - g = -5*g + 3544, -3*k + 3*g = -3537. What is the thousands digit of k?
1
Let v(x) = x**2 - 16*x - 38. Let t(m) = -m**3 - 2*m**2 + 5*m + 10. Let d be t(-4). What is the units digit of v(d)?
4
Let i(x) = 86*x - 243. What is the units digit of i(8)?
5
Suppose 0 = 2*x - 4*a - 162, 3*x = -2*a - 0*a + 259. What is the units digit of x?
5
Suppose -200 = -2*y - 3*y. Let j = y - 2. What is the units digit of j?
8
Let k(t) = 2*t**2 - 30*t + 15. What is the tens digit of k(16)?
4
Suppose -2*y - 4181 = -3*y - i, 4*i + 8344 = 2*y. What is the tens digit of y?
7
Suppose -25*d + 8*d + 7548 = 0. What is the units digit of d?
4
Let s = 1394 - 806. Suppose -2*a + 4*a = s. What is the tens digit of a?
9
Let q = -24 - -24. Suppose 14 = 3*j + 2, -4*r + j + 280 = q. What is the tens digit of r?
7
Suppose -29 = -2*r + 79. Suppose 5*c = 41 + r. What is the units digit of c?
9
Let q be -2 + (4 - (-4)/(-1)). Let u be 1 - ((-10)/q - 4). Suppose u = -l - 3*w + w + 37, -5*l + w = -174. What is the units digit of l?
5
What is the tens digit of (5 - 6)/(3 + (-3724)/1240)?
1
Let x(a) = 69*a + 388. What is the units digit of x(12)?
6
Let y(u) = -1199*u + 4. What is the hundreds digit of y(-1)?
2
Let n(p) be the second derivative of -p**5/60 + 2*p**3 - 2*p**2 - 2*p. Let q(g) be the first derivative of n(g). What is the tens digit of q(0)?
1
What is the thousands digit of ((-6)/12)/(10/(-30700))?
1
Suppose -4*r + 15*r = -2475. Let o = -146 - r. What is the units digit of o?
9
Suppose 31433 = 34*v - 2907. What is the tens digit of v?
1
Let q be (-3 - 3/(-1))/(-2). Suppose j + 3 = 0, -3*p = -q*j - 5*j - 156. What is the units digit of p?
7
Suppose -2*q + 4793 - 496 = 5*l, -4*l = 3*q - 3439. What is the tens digit of l?
5
Suppose 104*f - 3966 = -4*c + 102*f, 0 = 4*c - 3*f - 3951. What is the units digit of c?
0
Suppose 0 = 5*d - 2*a + 918 - 2462, -5*d + 1548 = -4*a. Let k = -93 + d. What is the hundreds digit of k?
2
Suppose 10 = -4*b + 5*b. Suppose 0 = j - 3*g + b, -2*j + 3 = -5*g + 18. Suppose j*c - 30 = 20. What is the tens digit of c?
1
Let n(j) = 67*j + 138. What is the tens digit of n(13)?
0
Let t(u) = -u**2 + 8*u + 6. Let f be t(7). Let m = -31 - -29. Let z = m + f. What is the units digit of z?
1
Let m be (5/2)/((-20)/40). Let o(q) = -2*q - 1. What is the units digit of o(m)?
9
Let b be (-36)/((-1)/4*9/12). Let v = b - 15. What is the tens digit of v?
7
Let v(u) = -4*u - 10*u + 56*u + 19*u + 12. What is the hundreds digit of v(2)?
1
Suppose -734 - 1020 = -2*u. What is the tens digit of u?
7
Suppose -1027 - 3497 = -39*w. What is the units digit of w?
6
Let y = -4 + 9. What is the hundreds digit of 2 + 8/y*(-1480)/(-16)?
1
Suppose 0 = -39*s + 23*s + 20304. What is the thousands digit of s?
1
Let p(l) = -l + 3. Let b be p(10). Let d(g) = -g**2 - 21*g + 3. What is the units digit of d(b)?
1
Suppose -7*i + 2*i + 15